{"id":3723,"date":"2019-09-14T21:29:09","date_gmt":"2019-09-14T18:29:09","guid":{"rendered":"http:\/\/pse.mu.edu.iq\/?page_id=3723"},"modified":"2021-09-14T23:04:46","modified_gmt":"2021-09-14T20:04:46","slug":"%d8%b1%d9%88%d8%a7%d8%a8%d8%b7-%d9%82%d8%b3%d9%85-%d8%a7%d9%84%d8%b1%d9%8a%d8%a7%d8%b6%d9%8a%d8%a7%d8%aa","status":"publish","type":"page","link":"https:\/\/pse.mu.edu.iq\/?page_id=3723","title":{"rendered":"\u0631\u0648\u0627\u0628\u0637 \u062a\u0633\u0627\u0647\u0645 \u0641\u064a \u0639\u0645\u0644\u064a\u0629 \u0627\u0644\u062a\u0639\u0644\u064a\u0645 \u0648\u0627\u0644\u062a\u0639\u0644\u0645"},"content":{"rendered":"\n<table class=\"wp-block-table\"><tbody><tr><td>\n  <strong>\u0627\u0633\u0645 \u0627\u0644\u062c\u0645\u0639\u064a\u0629<\/strong>\n  <\/td><td>\n  <strong>\u0631\u0627\u0628\u0637 \u0627\u0644\u062c\u0645\u0639\u064a\u0629<\/strong>\n  <\/td><\/tr><tr><td>\n  Iraqi Al-Khwarizmi Association\n  <\/td><td>\n  <a href=\"https:\/\/www.iraqima.org\">https:\/\/www.iraqima.org<\/a>\n  <\/td><\/tr><tr><td>\n  American Mathematical Society\n  <\/td><td>\n  <a href=\"https:\/\/www.ams.org\/home\/page\">https:\/\/www.ams.org\/home\/page<\/a>\n  <\/td><\/tr><tr><td>\n  <a href=\"http:\/\/iciam.org\/member\/chinams\">Chinese Mathematical Society<\/a>\n  <\/td><td>\n  <a href=\"http:\/\/www.cms.org.cn\/\">http:\/\/www.cms.org.cn\/<\/a>\n  <\/td><\/tr><tr><td>\n  <a href=\"http:\/\/iciam.org\/member\/czechms\">Czech Mathematical Society<\/a>\n  <\/td><td>\n  http:\/\/jcmf.cz\/?q=en\/node\/801\n  <\/td><\/tr><tr><td>\n  <a href=\"http:\/\/iciam.org\/member\/ems\">European Mathematical Society<\/a>\n  <\/td><td>\n  <a href=\"http:\/\/www.euro-math-soc.eu\/\">http:\/\/www.euro-math-soc.eu\/<\/a>\n  <\/td><\/tr><tr><td>\n  <a href=\"http:\/\/iciam.org\/member\/fms-smy-fmf\">Finnish Mathematical Society<\/a>\n  <\/td><td>\n  <a href=\"http:\/\/www.matemaattinenyhdistys.fi\/i18n\/en\/\">http:\/\/www.matemaattinenyhdistys.fi\/i18n\/en\/<\/a>\n  <\/td><\/tr><tr><td>\n  <a href=\"http:\/\/iciam.org\/member\/ims\">Institute of Mathematical Statistics<\/a>\n  <\/td><td>\n  <a href=\"http:\/\/www.imstat.org\/\">http:\/\/www.imstat.org\/<\/a>\n  <\/td><\/tr><tr><td>\n  <a href=\"http:\/\/iciam.org\/member\/isiam\">Indian Society of Industrial and Applied Mathematics<\/a>\n  <\/td><td>\n  <a href=\"http:\/\/www.siam-india.in\/\">http:\/\/www.siam-india.in\/<\/a>\n  <\/td><\/tr><tr><td>\n  <a href=\"http:\/\/iciam.org\/member\/ima\">The Institute of Mathematics and its Applications<\/a>\n  <\/td><td>\n  <a href=\"http:\/\/www.ima.org.uk\/\">http:\/\/www.ima.org.uk\/<\/a>\n  <\/td><\/tr><tr><td>\n  <a href=\"http:\/\/iciam.org\/member\/kms\">Korean Mathematical Society<\/a>\n  <\/td><td>\n  <a href=\"http:\/\/www.kms.or.kr\/eng\/\">http:\/\/www.kms.or.kr\/eng\/<\/a>\n  <\/td><\/tr><tr><td>\n  <a href=\"http:\/\/iciam.org\/member\/ksiam\">The Korean Society for Industrial and Applied\n  Mathematics<\/a>\n  <\/td><td>\n  <a href=\"http:\/\/www.ksiam.org\/\">http:\/\/www.ksiam.org\/<\/a>\n  <\/td><\/tr><tr><td>\n  <a href=\"http:\/\/iciam.org\/member\/jsiam\">The Japan Society for Industrial and Applied Mathematics<\/a>\n  <\/td><td>\n  <a href=\"http:\/\/www.jsiam.org\/en\/\">http:\/\/www.jsiam.org\/en\/<\/a>\n  <\/td><\/tr><tr><td>\n  <a href=\"http:\/\/iciam.org\/member\/lms\">London Mathematical Society<\/a>\n  <\/td><td>\n  <a href=\"http:\/\/www.lms.ac.uk\/\">http:\/\/www.lms.ac.uk\/<\/a>\n  <\/td><\/tr><tr><td>\n  <a href=\"http:\/\/iciam.org\/member\/msj\">Mathematical Society of Japan<\/a>\n  <\/td><td>\n  <a href=\"http:\/\/mathsoc.jp\/en\/\">http:\/\/mathsoc.jp\/en\/<\/a>\n  <\/td><\/tr><tr><td>\n  <a href=\"http:\/\/iciam.org\/member\/vms\">Vietnam Mathematical Society<\/a>\n  <\/td><td>\n  <a href=\"http:\/\/www.vms.org.vn\/index.php\/en\/\">http:\/\/www.vms.org.vn\/index.php\/en\/<\/a>\n  <\/td><\/tr><tr><td>\n  <a href=\"http:\/\/iciam.org\/member\/umi\">Unione Matematica Italiana<\/a>\n  <\/td><td>\n  <a href=\"http:\/\/umi.dm.unibo.it\/\">http:\/\/umi.dm.unibo.it\/<\/a>\n  <\/td><\/tr><tr><td>\n  <a href=\"http:\/\/iciam.org\/member\/smf\">Soci\u00e9t\u00e9 Math\u00e9matique de France<\/a>\n  <\/td><td>\n  <a href=\"http:\/\/smf.emath.fr\/\">http:\/\/smf.emath.fr\/<\/a>\n  <\/td><\/tr><tr><td>\n  <a href=\"http:\/\/iciam.org\/member\/singms\">Singapore Mathematical Society<\/a>\n  <\/td><td>\n  <a href=\"http:\/\/sms.math.nus.edu.sg\/\">http:\/\/sms.math.nus.edu.sg\/<\/a>\n  <\/td><\/tr><tr><td>\n  <a href=\"http:\/\/iciam.org\/member\/samsa\">Southern Africa Mathematical Sciences Association<\/a>\n  <\/td><td>\n  <a href=\"http:\/\/samsa-math.org\/\">http:\/\/samsa-math.org\/<\/a>\n  <\/td><\/tr><\/tbody><\/table>\n","protected":false},"excerpt":{"rendered":"<p>\u0627\u0633\u0645 \u0627\u0644\u062c\u0645\u0639\u064a\u0629 \u0631\u0627\u0628\u0637 \u0627\u0644\u062c\u0645\u0639\u064a\u0629 Iraqi Al-Khwarizmi Association https:\/\/www.iraqima.org American Mathematical Society https:\/\/www.ams.org\/home\/page Chinese Mathematical Society http:\/\/www.cms.org.cn\/ Czech Mathematical Society http:\/\/jcmf.cz\/?q=en\/node\/801 European Mathematical Society http:\/\/www.euro-math-soc.eu\/ Finnish Mathematical<span class=\"excerpt-hellip\"> [\u2026]<\/span><\/p>\n","protected":false},"author":8,"featured_media":0,"parent":0,"menu_order":0,"comment_status":"closed","ping_status":"closed","template":"","meta":{"_monsterinsights_skip_tracking":false,"_monsterinsights_sitenote_active":false,"_monsterinsights_sitenote_note":"","_monsterinsights_sitenote_category":0,"footnotes":""},"class_list":["post-3723","page","type-page","status-publish","hentry"],"aioseo_notices":[],"_links":{"self":[{"href":"https:\/\/pse.mu.edu.iq\/index.php?rest_route=\/wp\/v2\/pages\/3723","targetHints":{"allow":["GET"]}}],"collection":[{"href":"https:\/\/pse.mu.edu.iq\/index.php?rest_route=\/wp\/v2\/pages"}],"about":[{"href":"https:\/\/pse.mu.edu.iq\/index.php?rest_route=\/wp\/v2\/types\/page"}],"author":[{"embeddable":true,"href":"https:\/\/pse.mu.edu.iq\/index.php?rest_route=\/wp\/v2\/users\/8"}],"replies":[{"embeddable":true,"href":"https:\/\/pse.mu.edu.iq\/index.php?rest_route=%2Fwp%2Fv2%2Fcomments&post=3723"}],"version-history":[{"count":2,"href":"https:\/\/pse.mu.edu.iq\/index.php?rest_route=\/wp\/v2\/pages\/3723\/revisions"}],"predecessor-version":[{"id":6202,"href":"https:\/\/pse.mu.edu.iq\/index.php?rest_route=\/wp\/v2\/pages\/3723\/revisions\/6202"}],"wp:attachment":[{"href":"https:\/\/pse.mu.edu.iq\/index.php?rest_route=%2Fwp%2Fv2%2Fmedia&parent=3723"}],"curies":[{"name":"wp","href":"https:\/\/api.w.org\/{rel}","templated":true}]}}